{"id":229,"date":"2015-07-27T03:29:01","date_gmt":"2015-07-27T03:29:01","guid":{"rendered":"http:\/\/demo.oceanthemes.net\/archi\/?page_id=229"},"modified":"2021-04-08T08:58:08","modified_gmt":"2021-04-08T11:58:08","slug":"almek-empresa","status":"publish","type":"page","link":"https:\/\/www.almek.com.br\/index.php\/almek-empresa\/","title":{"rendered":"empresa"},"content":{"rendered":"<p>[vc_row fullwidth=&#8221;yes&#8221; css=&#8221;.vc_custom_1615062947806{margin-bottom: 0px !important;border-bottom-width: 0px !important;padding-right: 20px !important;padding-bottom: 0px !important;background-position: 0 0 !important;background-repeat: no-repeat !important;}&#8221; el_class=&#8221;side-bg no-padding&#8221;][vc_column width=&#8221;1\/4&#8243;][vc_single_image image=&#8221;1792&#8243; img_size=&#8221;270&#215;400&#8243; css=&#8221;.vc_custom_1615066571458{margin-bottom: 0px !important;margin-left: 20px !important;border-bottom-width: 0px !important;padding-bottom: 0px !important;}&#8221;][\/vc_column][vc_column width=&#8221;3\/4&#8243;][vc_column_text css=&#8221;.vc_custom_1614549923646{margin-top: 30px !important;padding-right: 90px !important;padding-left: 90px !important;}&#8221;]<\/p>\n<h2>EMPRESA<\/h2>\n<p><strong class=\"intro\">Buscando o futuro, sem jamais esquecer o passado e suas origens, conhe\u00e7a como surgiu a Almek Center e veja um pouco do que esperamos para nosso futuro.<\/strong><\/p>\n<p style=\"text-align: justify;\">Em 1996 os irm\u00e3os Alandark e Mezak constru\u00edram a Almek. O nome da empresa, que no inicio atuava especificamente no ramo de materiais de constru\u00e7\u00e3o, surgiu da jun\u00e7\u00e3o dos nomes dos fundadores. Ao longo desses anos de hist\u00f3ria e esfor\u00e7o, a Almek vem buscando inovar sempre e superar as expectativas de seus clientes. Por isso, expandiu suas instala\u00e7\u00f5es e servi\u00e7os e hoje \u00e9 a Almek Center, que trabalha com as \u00e1reas de constru\u00e7\u00e3o, reformas e decora\u00e7\u00e3o, atuando em todo estado do Rio de Janeiro e em parte de Minas Gerais.<\/p>\n<p style=\"text-align: justify;\">Em um ambiente moderno e agrad\u00e1vel, com mais de 2.000m\u00b2,o seu showroom conta com o que h\u00e1 de melhor em materiais deconstru\u00e7\u00e3o, m\u00f3veis e decora\u00e7\u00f5es. Famosas marcas e atendimento de qualidade para satisfazer seus clientes e parceiros.A fam\u00edlia Almek atribui seu sucesso a Deus por ter proporcionado a oportunidade de evoluir e trabalhar com amor, aos pais e familiares que ensinaram o valor do trabalho, aos amigos e parceiros que est\u00e3o sempre se comprometendo com a filosofia da empresa e a todos os clientes que, ao longo de todos esses anos, acreditaram e confiaram no nosso trabalho.<\/p>\n<p>[\/vc_column_text][\/vc_column][\/vc_row][vc_row css=&#8221;.vc_custom_1615060755556{padding-top: 0px !important;padding-bottom: 0px !important;background-color: #111111 !important;}&#8221;][vc_column width=&#8221;1\/2&#8243; animate=&#8221;fadeinup&#8221; el_class=&#8221;container-4&#8243;][vc_column_text css=&#8221;.vc_custom_1615062758260{margin-top: 100px !important;}&#8221;]<\/p>\n<h2>NOSSA MISS\u00c3O<\/h2>\n<p style=\"text-align: center;\"><strong class=\"intro\">A Almek est\u00e1 sempre pensando em crescer e para isso trabalha buscando satisfazer as necessidades do mercado, dos parceiros e clientes de forma \u00e9tica e transparente, mantendo-se consciente sobre sua responsabilidade comercial e social e sobre o compromisso com a qualidade.<br \/>\n<\/strong><\/p>\n<p>[\/vc_column_text][\/vc_column][vc_column width=&#8221;1\/2&#8243;][vc_single_image image=&#8221;1826&#8243; img_size=&#8221;1080&#215;804&#8243; css=&#8221;.vc_custom_1615062730845{margin-bottom: 0px !important;padding-bottom: 0px !important;}&#8221;][\/vc_column][\/vc_row][vc_row fullwidth=&#8221;yes&#8221; css=&#8221;.vc_custom_1615062587494{padding-top: 0px !important;padding-bottom: 0px !important;background-color: #a5a5a5 !important;}&#8221; el_class=&#8221;call-to-action bg-color text-center&#8221;][vc_column width=&#8221;2\/3&#8243;][vc_column_text css=&#8221;.vc_custom_1617883078746{margin-top: 0px !important;margin-left: 80px !important;padding-top: 40px !important;padding-left: 80px !important;}&#8221;]<\/p>\n<h1>COMO PODEMOS AJUDAR?<\/h1>\n<p>[\/vc_column_text][\/vc_column][vc_column width=&#8221;1\/3&#8243;]\t\t\t\n\t<!-- Element: OT Button --> \n\t\t\t<a href=\"#\" target=\"_self\" class=\"btn btn-line-black btn-big vc_custom_1615062690190 \">FALE CONOSCO<\/a>\n\t    \n[\/vc_column][\/vc_row][vc_row css=&#8221;.vc_custom_1614372778104{padding-top: 90px !important;padding-bottom: 90px !important;background-color: #111111 !important;background-position: center !important;background-repeat: no-repeat !important;background-size: cover !important;}&#8221; el_class=&#8221;bg-fixed&#8221;][vc_column animate=&#8221;fadeinup&#8221;]\n\t<!-- Element: OT Heading --> \t \n\t<h1 class=\"ot_custom_heading  \" style=\"text-align: center;color: #ffffff;\" >SOLICITE UM OR\u00c7AMENTO<\/h1>\t\n\t<!-- Element: OT Line solid --> \t \n\t<div class=\" separator \"><span><i class=\"fa fa-circle\"><\/i><\/span><\/div>\n\t<div class=\"spacer-single\"><\/div>\t      \n[\/vc_column][vc_column]\n\t<!-- Element: OT Process -->\n    <div class=\"de_tab tab_steps tab_4  \">\n        <ul class=\"de_nav process-circle-textonly\">\n\t        \t            <li class=\"active wow fadeIn \" data-wow-delay=\"0.4s\">\n\t            \t<span class=\"content-mid\">\n\t            \t\t<div class=\"inner\">\t\t\n\t            \t\t\tApresenta\u00e7\u00e3o\t            \t\t<\/div>\n\t            \t<\/span>\t\t        \n\t\t            <div class=\"v-border\"><\/div>\n\t            <\/li>\n\t            \n\t        \t            <li class=\" wow fadeIn \" data-wow-delay=\"0.8s\">\n\t            \t<span class=\"content-mid\">\n\t            \t\t<div class=\"inner\">\t\t\n\t            \t\t\tFormul\u00e1rio Base\t            \t\t<\/div>\n\t            \t<\/span>\t\t        \n\t\t            <div class=\"v-border\"><\/div>\n\t            <\/li>\n\t            \n\t        \t            <li class=\" wow fadeIn \" data-wow-delay=\"1.2s\">\n\t            \t<span class=\"content-mid\">\n\t            \t\t<div class=\"inner\">\t\t\n\t            \t\t\tPreencha e Envie\t            \t\t<\/div>\n\t            \t<\/span>\t\t        \n\t\t            <div class=\"v-border\"><\/div>\n\t            <\/li>\n\t            \n\t                <\/ul>\n\n        <div class=\"de_tab_content\">\n\t        \t            <div id=\"tab-1609\" class=\"de_tab_content_inner\">\n\t                <p>[vc_row][vc_column][vc_column_text]<\/p>\n<h1>Primeiramente \u00e9 um prazer recebe-lo em nosso site, aqui voc\u00ea encontra informa\u00e7\u00f5es sobre a Almek Center, atuamos no ramo de constru\u00e7\u00e3o civil e decora\u00e7\u00e3o, adorar\u00edamos poder atende-lo com a sua necessidade, por favor nos baixe o formul\u00e1rio ao lado, e nos envie o que voc\u00ea precisa, em breve entraremos em contato com voc\u00ea.<\/h1>\n<p>[\/vc_column_text][\/vc_column][\/vc_row]<\/p>\n\t            <\/div>\n\t        \t            <div id=\"tab-579\" class=\"de_tab_content_inner\">\n\t                <p>[vc_row][vc_column][vc_column_text]<\/p>\n<h3 style=\"text-align: center;\">Fa\u00e7a o download de nosso formul\u00e1rio Base<\/h3>\n<p>[\/vc_column_text][vc_icon icon_fontawesome=&#8221;fas fa-cloud-download-alt&#8221; color=&#8221;chino&#8221; size=&#8221;lg&#8221; align=&#8221;center&#8221; link=&#8221;url:%23|target:_blank&#8221;][\/vc_column][\/vc_row]<\/p>\n\t            <\/div>\n\t        \t            <div id=\"tab-577\" class=\"de_tab_content_inner\">\n\t                <p>[vc_row][vc_column]<div role=\"form\" class=\"wpcf7\" id=\"wpcf7-f1719-o1\" lang=\"en-US\" dir=\"ltr\">\n<div class=\"screen-reader-response\"><p role=\"status\" aria-live=\"polite\" aria-atomic=\"true\"><\/p> <ul><\/ul><\/div>\n<form action=\"\/index.php\/wp-json\/wp\/v2\/pages\/229#wpcf7-f1719-o1\" method=\"post\" class=\"wpcf7-form init\" enctype=\"multipart\/form-data\" novalidate=\"novalidate\" data-status=\"init\">\n<div style=\"display: none;\">\n<input type=\"hidden\" name=\"_wpcf7\" value=\"1719\" \/>\n<input type=\"hidden\" name=\"_wpcf7_version\" value=\"5.4\" \/>\n<input type=\"hidden\" name=\"_wpcf7_locale\" value=\"en_US\" \/>\n<input type=\"hidden\" name=\"_wpcf7_unit_tag\" value=\"wpcf7-f1719-o1\" \/>\n<input type=\"hidden\" name=\"_wpcf7_container_post\" value=\"0\" \/>\n<input type=\"hidden\" name=\"_wpcf7_posted_data_hash\" value=\"\" \/>\n<\/div>\n<div class=\"row\">\n<div class=\"col-md-4\">\n<div><span class=\"wpcf7-form-control-wrap your-name\"><input type=\"text\" name=\"your-name\" value=\"\" size=\"40\" class=\"wpcf7-form-control wpcf7-text wpcf7-validates-as-required\" aria-required=\"true\" aria-invalid=\"false\" placeholder=\"Seu Nome\" \/><\/span> <\/div>\n<div><span class=\"wpcf7-form-control-wrap your-email\"><input type=\"email\" name=\"your-email\" value=\"\" size=\"40\" class=\"wpcf7-form-control wpcf7-text wpcf7-email wpcf7-validates-as-required wpcf7-validates-as-email\" aria-required=\"true\" aria-invalid=\"false\" placeholder=\"Email\" \/><\/span> <\/div>\n<div><span class=\"wpcf7-form-control-wrap your-phone\"><input type=\"tel\" name=\"your-phone\" value=\"\" size=\"40\" class=\"wpcf7-form-control wpcf7-text wpcf7-tel wpcf7-validates-as-required wpcf7-validates-as-tel\" aria-required=\"true\" aria-invalid=\"false\" placeholder=\"Telefone Contato\" \/><\/span><\/div>\n<div><label>Anexar Arquivo<\/label> <span class=\"wpcf7-form-control-wrap anexo-formulario\"><input type=\"file\" name=\"anexo-formulario\" size=\"40\" class=\"wpcf7-form-control wpcf7-file wpcf7-validates-as-required\" accept=\".pdf,.doc,.docx\" aria-required=\"true\" aria-invalid=\"false\" \/><\/span><\/div>\n<\/div>\n<div class=\"col-md-8\">\n<div><span class=\"wpcf7-form-control-wrap your-message\"><textarea name=\"your-message\" cols=\"40\" rows=\"10\" class=\"wpcf7-form-control wpcf7-textarea wpcf7-validates-as-required\" aria-required=\"true\" aria-invalid=\"false\" placeholder=\"Mensagem\"><\/textarea><\/span><\/div>\n<\/div>\n<div class=\"col-md-6\">\n<div>\n<p id=\"submit\"><input type=\"submit\" value=\"Enviar\" class=\"wpcf7-form-control wpcf7-submit btn btn-line\" \/><\/p>\n<\/div>\n<\/div>\n<\/div>\n<div class=\"wpcf7-response-output\" aria-hidden=\"true\"><\/div><\/form><\/div>[\/vc_column][\/vc_row]<\/p>\n\t            <\/div>\n\t                <\/div>\n    <\/div>\n\n[\/vc_column][\/vc_row]<\/p>\n","protected":false},"excerpt":{"rendered":"<p>[vc_row fullwidth=&#8221;yes&#8221; css=&#8221;.vc_custom_1615062947806{margin-bottom: 0px !important;border-bottom-width: 0px !important;padding-right: 20px !important;padding-bottom: 0px !important;background-position: 0 0 !important;background-repeat: no-repeat !important;}&#8221; el_class=&#8221;side-bg no-padding&#8221;][vc_column width=&#8221;1\/4&#8243;][vc_single_image image=&#8221;1792&#8243; img_size=&#8221;270&#215;400&#8243; css=&#8221;.vc_custom_1615066571458{margin-bottom: 0px !important;margin-left: 20px !important;border-bottom-width: 0px !important;padding-bottom: 0px !important;}&#8221;][\/vc_column][vc_column width=&#8221;3\/4&#8243;][vc_column_text css=&#8221;.vc_custom_1614549923646{margin-top: 30px !important;padding-right: 90px !important;padding-left: 90px !important;}&#8221;] EMPRESA Buscando o futuro, sem jamais esquecer o passado e suas origens, conhe\u00e7a como surgiu a Almek [&hellip;]<\/p>\n","protected":false},"author":1,"featured_media":0,"parent":0,"menu_order":0,"comment_status":"open","ping_status":"open","template":"page-templates\/template-fullwidth.php","meta":{"footnotes":""},"class_list":["post-229","page","type-page","status-publish","hentry"],"_links":{"self":[{"href":"https:\/\/www.almek.com.br\/index.php\/wp-json\/wp\/v2\/pages\/229","targetHints":{"allow":["GET"]}}],"collection":[{"href":"https:\/\/www.almek.com.br\/index.php\/wp-json\/wp\/v2\/pages"}],"about":[{"href":"https:\/\/www.almek.com.br\/index.php\/wp-json\/wp\/v2\/types\/page"}],"author":[{"embeddable":true,"href":"https:\/\/www.almek.com.br\/index.php\/wp-json\/wp\/v2\/users\/1"}],"replies":[{"embeddable":true,"href":"https:\/\/www.almek.com.br\/index.php\/wp-json\/wp\/v2\/comments?post=229"}],"version-history":[{"count":127,"href":"https:\/\/www.almek.com.br\/index.php\/wp-json\/wp\/v2\/pages\/229\/revisions"}],"predecessor-version":[{"id":2373,"href":"https:\/\/www.almek.com.br\/index.php\/wp-json\/wp\/v2\/pages\/229\/revisions\/2373"}],"wp:attachment":[{"href":"https:\/\/www.almek.com.br\/index.php\/wp-json\/wp\/v2\/media?parent=229"}],"curies":[{"name":"wp","href":"https:\/\/api.w.org\/{rel}","templated":true}]}}