{"id":2291,"date":"2021-03-27T11:13:51","date_gmt":"2021-03-27T14:13:51","guid":{"rendered":"https:\/\/www.almek.com.br\/?page_id=2291"},"modified":"2021-04-05T08:09:22","modified_gmt":"2021-04-05T11:09:22","slug":"eventos-almek","status":"publish","type":"page","link":"https:\/\/www.almek.com.br\/index.php\/eventos-almek\/","title":{"rendered":"Eventos Almek"},"content":{"rendered":"<p>[vc_row css=&#8221;.vc_custom_1453975727142{padding-top: 90px !important;padding-bottom: 30px !important;}&#8221;][vc_column]\t<!-- Element: OT Services List -->\n\t\n\t\t\n\t\t<section class=\"side-bg no-padding service-list\" id=\"section-service-1\">\n\n\t\t\t\n            <div class=\"image-container col-md-5 col-md-offset-7 pull-right right0 hidden-xs\" data-delay=\"0\">\n                <div class=\"background-image\" style=\"background-image:url('https:\/\/www.almek.com.br\/wp-content\/uploads\/2021\/03\/ft16.jpg');\"><\/div>\n            <\/div>\n\n            <!-- Added this code in 26\/03\/2019 -->\n            <div class=\"visible-xs mb-30\" data-delay=\"0\">\n            \t<img loading=\"lazy\" decoding=\"async\" width=\"540\" height=\"556\" src=\"https:\/\/www.almek.com.br\/wp-content\/uploads\/2021\/03\/ft16.jpg\" class=\"img-responsive wp-post-image\" alt=\"\" srcset=\"https:\/\/www.almek.com.br\/wp-content\/uploads\/2021\/03\/ft16.jpg 540w, https:\/\/www.almek.com.br\/wp-content\/uploads\/2021\/03\/ft16-291x300.jpg 291w\" sizes=\"auto, (max-width: 540px) 100vw, 540px\" title=\"ft16\" \/>            <\/div>\n\t\t\t\n            <div class=\"container\">\n                <div class=\"row\">\n                    <div class=\"inner-padding\">\n                        <div data-wow-delay=\".5s\" class=\"col-md-6 wow fadeInLeft\">\n                            <h3 class=\"id-color\">Fam\u00edlia Almek<\/h3>\n                            <div class=\"service-excerpt\"><p>Conhe\u00e7a um pouco da Fam\u00edlia Almek<\/p>\n<\/div>\n                            \t\t\t\t\t\t\t\t<div class=\"spacer-single\"><\/div>\n\t                            <a class=\"btn-line\" href=\"https:\/\/www.almek.com.br\/index.php\/service\/familia-almek\/\">VEJA AS FOTOS<\/a>\n\t\t\t\t\t\t\t                        <\/div>\n                        <div class=\"clearfix\"><\/div>\n                    <\/div>\n                <\/div>\n            <\/div>\n            \n        <\/section>            \n\t\n\t\n\t\t\n\t\t<section class=\"side-bg no-padding service-list\" id=\"section-service-2\">\n\n\t\t\t\t\t\t\n            <div class=\"image-container col-md-5 pull-left hidden-xs\" data-delay=\"0\">\n                <div class=\"background-image\" style=\"background-image:url('https:\/\/www.almek.com.br\/wp-content\/uploads\/2021\/03\/ft11.jpg');\"><\/div>\n            <\/div>\n\n            <!-- Added this code in 26\/03\/2019 -->\n            <div class=\"visible-xs mb-30\" data-delay=\"0\">\n            \t<img loading=\"lazy\" decoding=\"async\" width=\"540\" height=\"420\" src=\"https:\/\/www.almek.com.br\/wp-content\/uploads\/2021\/03\/ft11.jpg\" class=\"img-responsive wp-post-image\" alt=\"\" srcset=\"https:\/\/www.almek.com.br\/wp-content\/uploads\/2021\/03\/ft11.jpg 540w, https:\/\/www.almek.com.br\/wp-content\/uploads\/2021\/03\/ft11-300x233.jpg 300w\" sizes=\"auto, (max-width: 540px) 100vw, 540px\" title=\"ft11\" \/>            <\/div>\n\t\t\t\n            <div class=\"container\">\n                <div class=\"row\">\n                    <div class=\"inner-padding\">\n                        <div data-wow-delay=\".5s\" class=\"col-md-6 col-md-offset-6 wow fadeInRight\">\n                            <h3 class=\"id-color\">Eventos com arquitetos, engenheiros e designers de interiores<\/h3>\n                            <div class=\"service-excerpt\"><p>Veja fotos deste evento sensacional com arquitetos, engenheiros, e designers de interiores<\/p>\n<\/div>\n                            \t\t\t\t\t\t\t\t<div class=\"spacer-single\"><\/div>\n\t                            <a class=\"btn-line\" href=\"https:\/\/www.almek.com.br\/index.php\/service\/eventos-com-arquitetos-engenheiros-e-designers-de-interiores\/\">VEJA AS FOTOS<\/a>\n\t\t\t\t\t\t\t                        <\/div>\n                        <div class=\"clearfix\"><\/div>\n                    <\/div>\n                <\/div>\n            <\/div>\n\n            \n        <\/section>            \n\t\n\t\n\t\t\n\t\t<section class=\"side-bg no-padding service-list\" id=\"section-service-3\">\n\n\t\t\t\n            <div class=\"image-container col-md-5 col-md-offset-7 pull-right right0 hidden-xs\" data-delay=\"0\">\n                <div class=\"background-image\" style=\"background-image:url('https:\/\/www.almek.com.br\/wp-content\/uploads\/2021\/03\/ft07.jpg');\"><\/div>\n            <\/div>\n\n            <!-- Added this code in 26\/03\/2019 -->\n            <div class=\"visible-xs mb-30\" data-delay=\"0\">\n            \t<img loading=\"lazy\" decoding=\"async\" width=\"540\" height=\"576\" src=\"https:\/\/www.almek.com.br\/wp-content\/uploads\/2021\/03\/ft07.jpg\" class=\"img-responsive wp-post-image\" alt=\"\" srcset=\"https:\/\/www.almek.com.br\/wp-content\/uploads\/2021\/03\/ft07.jpg 540w, https:\/\/www.almek.com.br\/wp-content\/uploads\/2021\/03\/ft07-281x300.jpg 281w\" sizes=\"auto, (max-width: 540px) 100vw, 540px\" title=\"ft07\" \/>            <\/div>\n\t\t\t\n            <div class=\"container\">\n                <div class=\"row\">\n                    <div class=\"inner-padding\">\n                        <div data-wow-delay=\".5s\" class=\"col-md-6 wow fadeInLeft\">\n                            <h3 class=\"id-color\">Fepcon ( Festa dos profissionais da Constru\u00e7\u00e3o civil )<\/h3>\n                            <div class=\"service-excerpt\"><p>Veja fotos deste evento sensacional<\/p>\n<\/div>\n                            \t\t\t\t\t\t\t\t<div class=\"spacer-single\"><\/div>\n\t                            <a class=\"btn-line\" href=\"https:\/\/www.almek.com.br\/index.php\/service\/fepcon-festa-dos-profissionais-da-construcao-civil\/\">VEJA AS FOTOS<\/a>\n\t\t\t\t\t\t\t                        <\/div>\n                        <div class=\"clearfix\"><\/div>\n                    <\/div>\n                <\/div>\n            <\/div>\n            \n        <\/section>            \n\t\n\t\n\t\t\n\t\t<section class=\"side-bg no-padding service-list\" id=\"section-service-4\">\n\n\t\t\t\t\t\t\n            <div class=\"image-container col-md-5 pull-left hidden-xs\" data-delay=\"0\">\n                <div class=\"background-image\" style=\"background-image:url('https:\/\/www.almek.com.br\/wp-content\/uploads\/2021\/03\/ft02.jpg');\"><\/div>\n            <\/div>\n\n            <!-- Added this code in 26\/03\/2019 -->\n            <div class=\"visible-xs mb-30\" data-delay=\"0\">\n            \t<img loading=\"lazy\" decoding=\"async\" width=\"540\" height=\"422\" src=\"https:\/\/www.almek.com.br\/wp-content\/uploads\/2021\/03\/ft02.jpg\" class=\"img-responsive wp-post-image\" alt=\"\" srcset=\"https:\/\/www.almek.com.br\/wp-content\/uploads\/2021\/03\/ft02.jpg 540w, https:\/\/www.almek.com.br\/wp-content\/uploads\/2021\/03\/ft02-300x234.jpg 300w\" sizes=\"auto, (max-width: 540px) 100vw, 540px\" title=\"ft02\" \/>            <\/div>\n\t\t\t\n            <div class=\"container\">\n                <div class=\"row\">\n                    <div class=\"inner-padding\">\n                        <div data-wow-delay=\".5s\" class=\"col-md-6 col-md-offset-6 wow fadeInRight\">\n                            <h3 class=\"id-color\">Viagens internacionais de neg\u00f3cios (China, It\u00e1lia, Espanha, EUA)<\/h3>\n                            <div class=\"service-excerpt\"><p>Acompanhe um pouco de nossas viagens de neg\u00f3cios internacionais<\/p>\n<\/div>\n                            \t\t\t\t\t\t\t\t<div class=\"spacer-single\"><\/div>\n\t                            <a class=\"btn-line\" href=\"https:\/\/www.almek.com.br\/index.php\/service\/viagens-negocios\/\">VEJA AS FOTOS<\/a>\n\t\t\t\t\t\t\t                        <\/div>\n                        <div class=\"clearfix\"><\/div>\n                    <\/div>\n                <\/div>\n            <\/div>\n\n            \n        <\/section>            \n\t\n\t\n\t\t\n\t\t<section class=\"side-bg no-padding service-list\" id=\"section-service-5\">\n\n\t\t\t\n            <div class=\"image-container col-md-5 col-md-offset-7 pull-right right0 hidden-xs\" data-delay=\"0\">\n                <div class=\"background-image\" style=\"background-image:url('https:\/\/www.almek.com.br\/wp-content\/uploads\/2021\/03\/ft19.jpg');\"><\/div>\n            <\/div>\n\n            <!-- Added this code in 26\/03\/2019 -->\n            <div class=\"visible-xs mb-30\" data-delay=\"0\">\n            \t<img loading=\"lazy\" decoding=\"async\" width=\"540\" height=\"426\" src=\"https:\/\/www.almek.com.br\/wp-content\/uploads\/2021\/03\/ft19.jpg\" class=\"img-responsive wp-post-image\" alt=\"\" srcset=\"https:\/\/www.almek.com.br\/wp-content\/uploads\/2021\/03\/ft19.jpg 540w, https:\/\/www.almek.com.br\/wp-content\/uploads\/2021\/03\/ft19-300x237.jpg 300w\" sizes=\"auto, (max-width: 540px) 100vw, 540px\" title=\"ft19\" \/>            <\/div>\n\t\t\t\n            <div class=\"container\">\n                <div class=\"row\">\n                    <div class=\"inner-padding\">\n                        <div data-wow-delay=\".5s\" class=\"col-md-6 wow fadeInLeft\">\n                            <h3 class=\"id-color\">Visitas de alunos das redes p\u00fablicas e privadas e do curso de administra\u00e7\u00e3o da FASAP<\/h3>\n                            <div class=\"service-excerpt\"><p>Acompanhe o que Rolou na amostra de Arquitetura e Design que Participamos e Promovemos<\/p>\n<\/div>\n                            \t\t\t\t\t\t\t\t<div class=\"spacer-single\"><\/div>\n\t                            <a class=\"btn-line\" href=\"https:\/\/www.almek.com.br\/index.php\/service\/palestras-e-visitas-tecnicas\/\">VEJA AS FOTOS<\/a>\n\t\t\t\t\t\t\t                        <\/div>\n                        <div class=\"clearfix\"><\/div>\n                    <\/div>\n                <\/div>\n            <\/div>\n            \n        <\/section>            \n\t\n\t\t\n\n[\/vc_column][\/vc_row]<\/p>\n","protected":false},"excerpt":{"rendered":"<p>[vc_row css=&#8221;.vc_custom_1453975727142{padding-top: 90px !important;padding-bottom: 30px !important;}&#8221;][vc_column][\/vc_column][\/vc_row]<\/p>\n","protected":false},"author":1,"featured_media":0,"parent":0,"menu_order":0,"comment_status":"closed","ping_status":"closed","template":"page-templates\/template-fullwidth.php","meta":{"footnotes":""},"class_list":["post-2291","page","type-page","status-publish","hentry"],"_links":{"self":[{"href":"https:\/\/www.almek.com.br\/index.php\/wp-json\/wp\/v2\/pages\/2291","targetHints":{"allow":["GET"]}}],"collection":[{"href":"https:\/\/www.almek.com.br\/index.php\/wp-json\/wp\/v2\/pages"}],"about":[{"href":"https:\/\/www.almek.com.br\/index.php\/wp-json\/wp\/v2\/types\/page"}],"author":[{"embeddable":true,"href":"https:\/\/www.almek.com.br\/index.php\/wp-json\/wp\/v2\/users\/1"}],"replies":[{"embeddable":true,"href":"https:\/\/www.almek.com.br\/index.php\/wp-json\/wp\/v2\/comments?post=2291"}],"version-history":[{"count":5,"href":"https:\/\/www.almek.com.br\/index.php\/wp-json\/wp\/v2\/pages\/2291\/revisions"}],"predecessor-version":[{"id":2366,"href":"https:\/\/www.almek.com.br\/index.php\/wp-json\/wp\/v2\/pages\/2291\/revisions\/2366"}],"wp:attachment":[{"href":"https:\/\/www.almek.com.br\/index.php\/wp-json\/wp\/v2\/media?parent=2291"}],"curies":[{"name":"wp","href":"https:\/\/api.w.org\/{rel}","templated":true}]}}